{"id":1756,"date":"2021-08-24T21:57:29","date_gmt":"2021-08-24T19:57:29","guid":{"rendered":"https:\/\/uszczelki.300energia.net\/index.php\/product\/pakiet-vaillant-piec-kondensacyjny-ecotec-plus-39-333kw-zasobnik-120l-pogodowka-zestaw-szachtowy-ogrzewanie"},"modified":"2021-08-24T21:57:34","modified_gmt":"2021-08-24T19:57:34","slug":"pakiet-vaillant-piec-kondensacyjny-ecotec-plus-39-333kw-zasobnik-120l-pogodowka-zestaw-szachtowy-ogrzewanie","status":"publish","type":"product","link":"https:\/\/uszczelki.300energia.net\/index.php\/product\/pakiet-vaillant-piec-kondensacyjny-ecotec-plus-39-333kw-zasobnik-120l-pogodowka-zestaw-szachtowy-ogrzewanie","title":{"rendered":"Pakiet Vaillant piec kondensacyjny ecoTEC plus 3,9-33,3kW zasobnik 120L pogod\u00f3wka zestaw szachtowy &#8211; ogrzewanie"},"content":{"rendered":"<p>We wrze\u015bniu 2013 r. Unia Europejska przyj\u0119\u0142a pakiet rozporz\u0105dze\u0144 dotycz\u0105cych ograniczenia zu\u017cycia energii i ochrony klimatu znane jako rozporz\u0105dzenie Energy-related Products (ErP) i rozporz\u0105dzenie o oznakowaniu urz\u0105dze\u0144 etykietami energetycznymi (ELD).<\/p>\n<p><a href=\"https:\/\/www.vaillant.pl\/klienci-indywidualni\/search-result-page-128793.html?facets=f%2FcombinedSearch%2FcontentLabel&amp;facets=f%2FcombinedSearch%2FdownloadsLabel&amp;facets=f%2FcombinedSearch%2FproductsLabel&amp;q=ecotec%20plus\">Pakiet Vaillant piec kondensacyjny ecoTEC plus 3,9-33,3kW zasobnik 120L pogod\u00f3wka zestaw szachtowy<\/a><\/p>\n<div style=\"text-align: left;\">Pakiet Vaillant, sk\u0142adaj\u0105cy&nbsp; si\u0119 z kondensacyjnego pieca wisz\u0105cego oraz stoj\u0105cego zasobnika ciep\u0142ej wody u\u017cytkowej.<\/div>\n<div>Pakiet ten, to kompletne \u017ar\u00f3d\u0142o ciep\u0142a dla du\u017cych mieszka\u0144 i dom\u00f3w jednorodzinnych o powierzchni&nbsp;<\/div>\n<div>\n<ul>\n<li>od 150 do 300 m2&nbsp;- dla budynk\u00f3w sprzed 2017 roku,<\/li>\n<li>200 do 400 m2 - dla budynk\u00f3w od 2017 roku,<\/li>\n<\/ul>\n<\/div>\n<div>oraz do przygotowania <b>ciep\u0142ej wody<\/b> u\u017cytkowej w zasobniku <b>dla 2-4 os\u00f3b<\/b>. System kondensacji dodatkowo zwi\u0119ksza efektywno\u015b\u0107 kot\u0142a i obni\u017ca rachunki za gaz w systemach grzewczych pod\u0142ogowych i grzejnikowych. System zasobnikowy zapewnia komfort ciep\u0142ej wody w kilku kranach jednocze\u015bnie i daje mo\u017cliwo\u015b\u0107 uruchomienia cyrkulacji CWU dla oddalonych od kot\u0142owni punkt\u00f3w poboru wody.<\/div>\n<div><\/div>\n<div><b>To, co najwa\u017cniejsze:<\/b><\/div>\n<div>\n<ul>\n<li>bardzo szeroki zakres modulacji palnika i niska moc startowa w po\u0142\u0105czeniu z regulacj\u0105 pogodow\u0105 zapewniaj\u0105 p\u0142ynn\u0105 prac\u0119 oraz oszcz\u0119dno\u015b\u0107 gazu<\/li>\n<li>IoniDetect - funkcja automatycznego dostosowania palnika do zmian jako\u015bci gazu poprawia prac\u0119 pieca w przypadku waha\u0144 jako\u015bci gazu.<\/li>\n<li>regulator sensoCOMFORT pozwala na przy\u0142\u0105czanie do instalacji odnawialnych \u017ar\u00f3de\u0142 energii marki Vaillant takich jak panele fotowoltaiczne, instalacja solarna, a tak\u017ce sterowanie rekuperacj\u0105 powietrza (wentylacj\u0105 z odzyskiem ciep\u0142a).<\/li>\n<\/ul>\n<p><b>Zakres dostawy obejmuje:<\/b><\/p>\n<ul>\n<li>kocio\u0142 gazowy Vaillant ecoTEC plus VC CS30\/\/1-5, uzbrojony w elementy:<\/li>\n<ul>\n<li>naczynie wzbiorcze uk\u0142adu C.O.<\/li>\n<li>zaw\u00f3r tr\u00f3jdrogowy,<\/li>\n<li>pompa obiegowa C.O.<\/li>\n<\/ul>\n<li>zasobnik Vaillant VIHR 6B z ochronn\u0105 anoda magnezow\u0105,<\/li>\n<li>przewodowy regulator pogodowy sensoCOMFORT VRC720 oraz&nbsp;czujnik temperatury zewn\u0119trznej<\/li>\n<li>zestaw z\u0142\u0105czek hydraulicznych pod pod\u0142\u0105czenia pieca gazowego do instalacji,<\/li>\n<li>w\u0119\u017cyk odprowadzenia kondensatu,<\/li>\n<li>zestaw natynkowy z\u0142\u0105czek do po\u0142\u0105czenia pieca z zasobnikiem,<\/li>\n<li>czujnik temperatury wody w zasobniku z kablem po\u0142\u0105czeniowym do pieca,<\/li>\n<li>zaw\u00f3r bezpiecze\u0144stwa do zasobnika + syfon<\/li>\n<li>zestaw powietrzno-spalinowy 60\/100 mm z pod\u0142\u0105czeniem do szachtu kominowego (kolano z rewizj\u0105, rura 0,5m, kolanko podporowe do szachtu, rozeta \u015bcienna)<\/li>\n<li>dokumentacja techniczna wraz z szablonem monta\u017cowym,<\/li>\n<li>karta gwarancyjna z programem bonusowym VEP dla instalator\u00f3w.<\/li>\n<\/ul>\n<div>\n<ul>\n<div style=\"background-color: rgb(255, 255, 255); text-align: center;\">\n<p><iframe src=\"https:\/\/www.youtube.com\/embed\/rH8ijrFFvWA\" title=\"YouTube video player\" frameborder=\"0\" allow=\"accelerometer; autoplay; clipboard-write; encrypted-media; gyroscope; picture-in-picture\" allowfullscreen=\"\"><\/iframe><\/p>\n<\/div>\n<\/ul>\n<p><span style=\"background-color: rgb(255, 255, 255);\"><\/p>\n<div style=\"\"><span style=\"background-color: rgb(255, 255, 255);\">Kocio\u0142 dostarczany jest w wersji na <b>gaz ziemny GZ50<\/b> z mo\u017cliwo\u015bci\u0105 przezbrojenia na inny rodzaj gazu ziemnego lub gaz p\u0142ynny.<\/span><\/div>\n<div style=\"\">Szczeg\u00f3\u0142owe dane techniczne (wymiary urz\u0105dze\u0144, przy\u0142\u0105cza itp.) dost\u0119pne s\u0105 w dokumentacji PDF pod ilustracjami.<\/div>\n<p><b>Gwarancja producenta: 2 lata - po uruchomieniu przez uprawnionego instalatora.<\/b><\/span><\/div>\n<div><\/div>\n<\/div>\n<p>&nbsp;<\/p>\n","protected":false},"excerpt":{"rendered":"<p>We wrze\u015bniu 2013 r. Unia Europejska przyj\u0119\u0142a pakiet rozporz\u0105dze\u0144 dotycz\u0105cych ograniczenia zu\u017cycia energii i ochrony klimatu znane jako rozporz\u0105dzenie Energy-related Products (ErP) i rozporz\u0105dzenie o oznakowaniu urz\u0105dze\u0144 etykietami energetycznymi (ELD). Pakiet Vaillant piec kondensacyjny ecoTEC plus 3,9-33,3kW zasobnik 120L pogod\u00f3wka zestaw szachtowy Pakiet Vaillant, sk\u0142adaj\u0105cy&nbsp; si\u0119 z kondensacyjnego pieca wisz\u0105cego oraz stoj\u0105cego zasobnika ciep\u0142ej wody <a href=\"https:\/\/uszczelki.300energia.net\/index.php\/product\/pakiet-vaillant-piec-kondensacyjny-ecotec-plus-39-333kw-zasobnik-120l-pogodowka-zestaw-szachtowy-ogrzewanie\" class=\"more-link\">Czytaj dalej...<span class=\"screen-reader-text\"> \"Pakiet Vaillant piec kondensacyjny ecoTEC plus 3,9-33,3kW zasobnik 120L pogod\u00f3wka zestaw szachtowy &#8211; ogrzewanie\"<\/span><\/a><\/p>\n","protected":false},"featured_media":1747,"comment_status":"closed","ping_status":"open","template":"","meta":[],"product_brand":[],"product_cat":[1052,1053],"product_tag":[1059,1056,1058,1057],"class_list":{"0":"post-1756","1":"product","2":"type-product","3":"status-publish","4":"has-post-thumbnail","6":"product_cat-ogrzewanie","7":"product_cat-vaillant","8":"product_tag-kondensacyjny","9":"product_tag-pakiet","10":"product_tag-piec","11":"product_tag-vaillant","13":"first","14":"instock","15":"product-type-simple","16":"h-entry","17":"hentry"},"jetpack_sharing_enabled":true,"_links":{"self":[{"href":"https:\/\/uszczelki.300energia.net\/index.php\/wp-json\/wp\/v2\/product\/1756","targetHints":{"allow":["GET"]}}],"collection":[{"href":"https:\/\/uszczelki.300energia.net\/index.php\/wp-json\/wp\/v2\/product"}],"about":[{"href":"https:\/\/uszczelki.300energia.net\/index.php\/wp-json\/wp\/v2\/types\/product"}],"replies":[{"embeddable":true,"href":"https:\/\/uszczelki.300energia.net\/index.php\/wp-json\/wp\/v2\/comments?post=1756"}],"wp:featuredmedia":[{"embeddable":true,"href":"https:\/\/uszczelki.300energia.net\/index.php\/wp-json\/wp\/v2\/media\/1747"}],"wp:attachment":[{"href":"https:\/\/uszczelki.300energia.net\/index.php\/wp-json\/wp\/v2\/media?parent=1756"}],"wp:term":[{"taxonomy":"product_brand","embeddable":true,"href":"https:\/\/uszczelki.300energia.net\/index.php\/wp-json\/wp\/v2\/product_brand?post=1756"},{"taxonomy":"product_cat","embeddable":true,"href":"https:\/\/uszczelki.300energia.net\/index.php\/wp-json\/wp\/v2\/product_cat?post=1756"},{"taxonomy":"product_tag","embeddable":true,"href":"https:\/\/uszczelki.300energia.net\/index.php\/wp-json\/wp\/v2\/product_tag?post=1756"}],"curies":[{"name":"wp","href":"https:\/\/api.w.org\/{rel}","templated":true}]}}