{"id":1787,"date":"2021-08-24T21:57:44","date_gmt":"2021-08-24T19:57:44","guid":{"rendered":"https:\/\/uszczelki.300energia.net\/index.php\/product\/piec-gazowy-vaillant-ecotec-plus-28-21kw-kondensacyjny-ogrzewanie"},"modified":"2021-08-24T21:57:44","modified_gmt":"2021-08-24T19:57:44","slug":"piec-gazowy-vaillant-ecotec-plus-28-21kw-kondensacyjny-ogrzewanie","status":"publish","type":"product","link":"https:\/\/uszczelki.300energia.net\/index.php\/product\/piec-gazowy-vaillant-ecotec-plus-28-21kw-kondensacyjny-ogrzewanie","title":{"rendered":"Piec gazowy Vaillant ecoTEC plus 2,8-21kW kondensacyjny &#8211; ogrzewanie"},"content":{"rendered":"<p>We wrze\u015bniu 2013 r. Unia Europejska przyj\u0119\u0142a pakiet rozporz\u0105dze\u0144 dotycz\u0105cych ograniczenia zu\u017cycia energii i ochrony klimatu znane jako rozporz\u0105dzenie Energy-related Products (ErP) i rozporz\u0105dzenie o oznakowaniu urz\u0105dze\u0144 etykietami energetycznymi (ELD).<\/p>\n<p><a href=\"https:\/\/www.vaillant.pl\/klienci-indywidualni\/search-result-page-128793.html?facets=f%2FcombinedSearch%2FcontentLabel&amp;facets=f%2FcombinedSearch%2FdownloadsLabel&amp;facets=f%2FcombinedSearch%2FproductsLabel&amp;q=ecotec%20plus\">Piec gazowy Vaillant ecoTEC plus 2,8-21kW kondensacyjny<\/a><\/p>\n<div style=\"text-align: left;\">Piec gazowy kondensacyjny Vaillant z serii EcoTEC plus przeznaczony do instalacji centralnego ogrzewania w domach i mieszkaniach o powierzchni:<\/div>\n<div>\n<ul>\n<li>od 100 do 200 m2&nbsp;- dla budynk\u00f3w sprzed 2017 roku,<\/li>\n<li>100 do 300 m2 - dla budynk\u00f3w od 2017 roku,<\/li>\n<\/ul>\n<\/div>\n<div>Kocio\u0142 przystosowany jest do wsp\u00f3\u0142pracy z zasobnikiem ciep\u0142ej wody firmy Vaillant lub innego producenta. Podgrzewanie zasobnika odbywa si\u0119 prze\u0142\u0105czenie zaworu tr\u00f3jdrogowego<\/div>\n<div><\/div>\n<div><b>To, co najwa\u017cniejsze:<\/b><\/div>\n<div>\n<ul>\n<li>bardzo szeroki zakres modulacji palnika i niska moc startowa w po\u0142\u0105czeniu z regulacj\u0105 pogodow\u0105 zapewniaj\u0105 p\u0142ynn\u0105 prac\u0119 oraz oszcz\u0119dno\u015b\u0107 gazu<\/li>\n<li>IoniDetect - funkcja automatycznego dostosowania palnika do zmian jako\u015bci gazu poprawia prac\u0119 pieca w przypadku waha\u0144 jako\u015bci gazu.<\/li>\n<li>wsp\u00f3\u0142praca z szerok\u0105 gam\u0105 regulator\u00f3w cyfrowych pokojowych i pogodowych marki Vaillant.<\/li>\n<\/ul>\n<p><b>Zakres dostawy obejmuje:<\/b><\/p>\n<ul>\n<li>kocio\u0142 gazowy Vaillant ecoTEC plus VC CS20\/1-5, uzbrojony w elementy:<\/li>\n<ul>\n<li>naczynie wzbiorcze uk\u0142adu C.O.<\/li>\n<li>zaw\u00f3r tr\u00f3jdrogowy,<\/li>\n<li>pompa obiegowa C.O.<\/li>\n<\/ul>\n<li>zestaw z\u0142\u0105czek hydraulicznych pod pod\u0142\u0105czenia pieca gazowego do instalacji,<\/li>\n<li>w\u0119\u017cyk odprowadzenia kondensatu,<\/li>\n<li>dokumentacja techniczna wraz z szablonem monta\u017cowym,<\/li>\n<li>karta gwarancyjna z programem bonusowym VEP dla instalator\u00f3w.<\/li>\n<\/ul>\n<div>\n<ul>\n<div style=\"background-color: rgb(255, 255, 255); text-align: center;\">\n<p><iframe src=\"https:\/\/www.youtube.com\/embed\/rH8ijrFFvWA\" title=\"YouTube video player\" frameborder=\"0\" allow=\"accelerometer; autoplay; clipboard-write; encrypted-media; gyroscope; picture-in-picture\" allowfullscreen=\"\"><\/iframe><\/p>\n<\/div>\n<\/ul>\n<p><span style=\"background-color: rgb(255, 255, 255);\"><\/p>\n<div style=\"\"><span style=\"background-color: rgb(255, 255, 255);\">Kocio\u0142 dostarczany jest w wersji na <b>gaz ziemny GZ50<\/b> z mo\u017cliwo\u015bci\u0105 przezbrojenia na inny rodzaj gazu ziemnego lub gaz p\u0142ynny.<\/span><\/div>\n<div style=\"\">Szczeg\u00f3\u0142owe dane techniczne (wymiary urz\u0105dze\u0144, przy\u0142\u0105cza itp.) dost\u0119pne s\u0105 w dokumentacji PDF pod ilustracjami.<\/div>\n<p><b>Gwarancja producenta: 2 lata - po uruchomieniu przez uprawnionego instalatora.<\/b><\/span><\/div>\n<div><\/div>\n<\/div>\n<p>&nbsp;<\/p>\n","protected":false},"excerpt":{"rendered":"<p>We wrze\u015bniu 2013 r. Unia Europejska przyj\u0119\u0142a pakiet rozporz\u0105dze\u0144 dotycz\u0105cych ograniczenia zu\u017cycia energii i ochrony klimatu znane jako rozporz\u0105dzenie Energy-related Products (ErP) i rozporz\u0105dzenie o oznakowaniu urz\u0105dze\u0144 etykietami energetycznymi (ELD). Piec gazowy Vaillant ecoTEC plus 2,8-21kW kondensacyjny Piec gazowy kondensacyjny Vaillant z serii EcoTEC plus przeznaczony do instalacji centralnego ogrzewania w domach i mieszkaniach o <a href=\"https:\/\/uszczelki.300energia.net\/index.php\/product\/piec-gazowy-vaillant-ecotec-plus-28-21kw-kondensacyjny-ogrzewanie\" class=\"more-link\">Czytaj dalej...<span class=\"screen-reader-text\"> \"Piec gazowy Vaillant ecoTEC plus 2,8-21kW kondensacyjny &#8211; ogrzewanie\"<\/span><\/a><\/p>\n","protected":false},"featured_media":1766,"comment_status":"closed","ping_status":"open","template":"","meta":[],"product_brand":[],"product_cat":[1052,1053],"product_tag":[1060,1058,1057],"class_list":{"0":"post-1787","1":"product","2":"type-product","3":"status-publish","4":"has-post-thumbnail","6":"product_cat-ogrzewanie","7":"product_cat-vaillant","8":"product_tag-gazowy","9":"product_tag-piec","10":"product_tag-vaillant","12":"first","13":"instock","14":"product-type-simple","15":"h-entry","16":"hentry"},"jetpack_sharing_enabled":true,"_links":{"self":[{"href":"https:\/\/uszczelki.300energia.net\/index.php\/wp-json\/wp\/v2\/product\/1787","targetHints":{"allow":["GET"]}}],"collection":[{"href":"https:\/\/uszczelki.300energia.net\/index.php\/wp-json\/wp\/v2\/product"}],"about":[{"href":"https:\/\/uszczelki.300energia.net\/index.php\/wp-json\/wp\/v2\/types\/product"}],"replies":[{"embeddable":true,"href":"https:\/\/uszczelki.300energia.net\/index.php\/wp-json\/wp\/v2\/comments?post=1787"}],"wp:featuredmedia":[{"embeddable":true,"href":"https:\/\/uszczelki.300energia.net\/index.php\/wp-json\/wp\/v2\/media\/1766"}],"wp:attachment":[{"href":"https:\/\/uszczelki.300energia.net\/index.php\/wp-json\/wp\/v2\/media?parent=1787"}],"wp:term":[{"taxonomy":"product_brand","embeddable":true,"href":"https:\/\/uszczelki.300energia.net\/index.php\/wp-json\/wp\/v2\/product_brand?post=1787"},{"taxonomy":"product_cat","embeddable":true,"href":"https:\/\/uszczelki.300energia.net\/index.php\/wp-json\/wp\/v2\/product_cat?post=1787"},{"taxonomy":"product_tag","embeddable":true,"href":"https:\/\/uszczelki.300energia.net\/index.php\/wp-json\/wp\/v2\/product_tag?post=1787"}],"curies":[{"name":"wp","href":"https:\/\/api.w.org\/{rel}","templated":true}]}}